s digit of 31449435?
9
What is the tens digit of 580106?
0
What is the tens digit of 12625366?
6
What is the hundred thousands digit of 394738?
3
What is the ten thousands digit of 210574?
1
What is the ten thousands digit of 7732891?
3
What is the units digit of 2235073?
3
What is the ten thousands digit of 36518?
3
What is the hundred thousands digit of 8369501?
3
What is the thousands digit of 705497?
5
What is the thousands digit of 244485?
4
What is the tens digit of 2417855?
5
What is the millions digit of 16074474?
6
What is the units digit of 94141?
1
What is the hundred thousands digit of 541381?
5
What is the units digit of 129259?
9
What is the ten thousands digit of 2268567?
6
What is the hundreds digit of 11689654?
6
What is the hundred thousands digit of 5751141?
7
What is the millions digit of 3414687?
3
What is the tens digit of 3979545?
4
What is the hundred thousands digit of 1565415?
5
What is the millions digit of 9399546?
9
What is the units digit of 4744066?
6
What is the ten thousands digit of 1702445?
0
What is the ten millions digit of 16989019?
1
What is the millions digit of 3715915?
3
What is the ten thousands digit of 1630896?
3
What is the ten thousands digit of 6209036?
0
What is the ten thousands digit of 408414?
0
What is the ten thousands digit of 781260?
8
What is the tens digit of 6959312?
1
What is the hundred thousands digit of 482601?
4
What is the hundred thousands digit of 222063?
2
What is the thousands digit of 8351402?
1
What is the thousands digit of 243079?
3
What is the tens digit of 89629?
2
What is the hundreds digit of 695864?
8
What is the thousands digit of 926440?
6
What is the units digit of 52273?
3
What is the millions digit of 5565680?
5
What is the hundreds digit of 319344?
3
What is the ten thousands digit of 4805725?
0
What is the hundred thousands digit of 16891764?
8
What is the ten thousands digit of 8402433?
0
What is the tens digit of 47206?
0
What is the millions digit of 2811894?
2
What is the units digit of 1522278?
8
What is the thousands digit of 376436?
6
What is the hundred thousands digit of 191775?
1
What is the hundred thousands digit of 1194030?
1
What is the ten thousands digit of 3308217?
0
What is the thousands digit of 5949460?
9
What is the ten thousands digit of 2759325?
5
What is the ten thousands digit of 529327?
2
What is the units digit of 2364?
4
What is the tens digit of 10511400?
0
What is the ten thousands digit of 1595135?
9
What is the units digit of 9086344?
4
What is the millions digit of 14361604?
4
What is the tens digit of 572064?
6
What is the thousands digit of 865323?
5
What is the units digit of 2413269?
9
What is the units digit of 1818132?
2
What is the units digit of 1741605?
5
What is the tens digit of 119736?
3
What is the tens digit of 874815?
1
What is the thousands digit of 9116299?
6
What is the thousands digit of 35860?
5
What is the ten thousands digit of 7453121?
5
What is the hundreds digit of 1290414?
4
What is the thousands digit of 328011?
8
What is the hundreds digit of 244195?
1
What is the thousands digit of 2328408?
8
What is the ten thousands digit of 242575?
4
What is the thousands digit of 122327?
2
What is the millions digit of 12890359?
2
What is the hundred thousands digit of 13927902?
9
What is the ten thousands digit of 1575507?
7
What is the units digit of 184733?
3
What is the ten thousands digit of 729327?
2
What is the hundreds digit of 526866?
8
What is the thousands digit of 2366980?
6
What is the tens digit of 3887498?
9
What is the millions digit of 8730995?
8
What is the hundred thousands digit of 1169930?
1
What is the thousands digit of 16544720?
4
What is the thousands digit of 213748?
3
What is the hundreds digit of 2023840?
8
What is the units digit of 10119243?
3
What is the units digit of 18080464?
4
What is the ten thousands digit of 331982?
3
What is the units digit of 38036?
6
What is the hundreds digit of 2666329?
3
What is the thousands digit of 945285?
5
What is the hundreds digit of 6652925?
9
What is the tens digit of 11830280?
8
What is the tens digit of 2807542?
4
What is the ten thousands digit of 383301?
8
What is the ten millions digit of 27596179?
2
What is the hundreds digit of 880922?
9
What is the hundred thousands digit of 111274?
1
What is the thousands digit of 275066?
5
What is the ten thousands digit of 14950635?
5
What is the tens digit of 423718?
1
What is the units digit of 17196?
6
What is the hundreds digit of 250861?
8
What is the hundreds digit of 573011?
0
What is the ten thousands digit of 274842?
7
What is the hundreds digit of 570904?
9
What is the thousands digit of 894372?
4
What is the units digit of 135315?
5
What is the tens digit of 7450?
5
What is the units digit of 885261?
1
What is the tens digit of 99311?
1
What is the tens digit of 946337?
3
What is the hundreds digit of 19528655?
6
What is the millions digit of 1531154?
1
What is the hundred thousands digit of 184584?
1
What is the units digit of 29511081?
1
What is the hundreds digit of 1679131?
1
What is the millions digit of 2309469?
2
What is the thousands digit of 438236?
8
What is the ten thousands digit of 41285?
4
What is the thousands digit of 278691?
8
What is the millions digit of 2109082?
2
What is the ten thousands digit of 1652244?
5
What is the hundred thousands digit of 14014407?
0
What is the millions digit of 12653119?
2
What is the hundreds digit of 1346709?
7
What is the tens digit of 7535109?
0
What is the tens digit of 27235062?
6
What is the millions digit of 3748855?
3
What is the hundreds digit of 700331?
3
What is the millions digit of 10450262?
0
What is the hundreds digit of 2229?
2
What is the tens digit of 214776?
7
What is the tens digit of 4641703?
0
What is the hundred thousands digit of 943289?
9
What is the thousands digit of 368564?
8
What is the units digit of 526803?
3
What is the millions digit of 9978041?
9
What is the hundreds digit of 7414214?
2
What is the ten thousands digit of 967641?
6
What is the ten thousands digit of 86149?
8
What is the millions digit of 12105528?
2
What is the tens digit of 2190693?
9
What is the units digit of 4658435?
5
What is the hundred thousands digit of 587795?
5
What is the ten thousands digit of 615798?
1
What is the millions digit of 1838088?
1
What is the hundreds digit of 118883?
8
What is the tens digit of 84731?
3
What is the thousands digit of 1598120?
8
What is the hundred thousands digit of 560679?
5
What is the units digit of 2695493?
3
What is the hundred thousands digit of 8478966?
4
What is the tens digit of 197799?
9
What is the ten millions digit of 16740215?
1
What is the ten thousands digit of 358553?
5
What is the ten thousands digit of 192068?
9
What is the units digit of 4889550?
0
What is the hundreds digit of 365577?
5
What is the tens digit of 250181?
8
What is the thousands digit of 112565?
2
What is the hundreds digit of 241086?
0
What is the hundreds digit of 547808?
8
What is the hundreds digit of 10689302?
3
What is the tens digit of 466660?
6
What is the hundred thousands digit of 134270?
1
What is the hundred thousands digit of 938114?
9
What is the units digit of 2116810?
0
What is the tens digit of 239310?
1
What is the millions digit of 6706380?
6
What is the units digit of 858566?
6
What is the ten thousands digit of 180127?
8
What is the units digit of 221539?
9
What is the hundreds digit of 160793?
7
What is the thousands digit of 23052?
3
What is the hundreds digit of 1029401?
4
What is the hundreds digit of 10074808?
8
What is the ten thousands digit of 823398?
2
What is the units digit of 6327050?
0
What is the ten thousands digit of 27297?
2
What is the ten thousands digit of 1931157?
3
What is the units digit of 4446532?
2
What is the hundreds digit of 6668293?
2
What is the hundred thousands digit of 3736249?
7
What is the tens digit of 461400?
0
What is the thousands digit of 12802?
2
What is the ten thousands digit of 51905?
5
What is the hundred thousands digit of 816354?
8
What is the thousands digit of 2799286?
9
What is the millions digit of 11904667?
1
What is the millions digit of 1952741?
1
What is the ten thousands digit of 9432200?
3
What is the hundreds digit of 13337759?
7
